{"id":28,"date":"2020-09-06T19:57:09","date_gmt":"2020-09-06T17:57:09","guid":{"rendered":"http:\/\/wordpress.axsysnet.de\/?page_id=28"},"modified":"2021-07-02T07:45:09","modified_gmt":"2021-07-02T05:45:09","slug":"impressum","status":"publish","type":"page","link":"https:\/\/axsysnet.de\/Home\/impressum\/","title":{"rendered":"Impressum"},"content":{"rendered":"[et_pb_section fb_built=&#8220;1&#8243; admin_label=&#8220;section&#8220; _builder_version=&#8220;3.22&#8243;][et_pb_row admin_label=&#8220;row&#8220; _builder_version=&#8220;3.25&#8243; background_size=&#8220;initial&#8220; background_position=&#8220;top_left&#8220; background_repeat=&#8220;repeat&#8220;][et_pb_column type=&#8220;4_4&#8243; _builder_version=&#8220;3.25&#8243; custom_padding=&#8220;|||&#8220; custom_padding__hover=&#8220;|||&#8220;][et_pb_text admin_label=&#8220;Text&#8220; _builder_version=&#8220;3.27.4&#8243; background_size=&#8220;initial&#8220; background_position=&#8220;top_left&#8220; background_repeat=&#8220;repeat&#8220;]<p><\/p>\n<p>axsysNET AG<br \/>Ringstra\u00dfe 71<br \/>D-70736 Fellbach<br \/>Telefon: +49 711 5109748 0<br \/>Telefax: +49 711 5109748 88199<br \/>eMail: <a href=\"mailto:info@axsysNET.de\">info@axsysNET.de<\/a><\/p>\n<p><\/p>\n<p><\/p>\n<h3>Vorstand<\/h3>\n<p><\/p>\n<p><\/p>\n<p>Vorsitzender des Aufsichtsrates: Frank Penkwitt<br \/>Vorstand: Christian Fuchs<\/p>\n<p><\/p>\n<p><\/p>\n<h3>Gerichtstand<\/h3>\n<p><\/p>\n<p><\/p>\n<p>Amtsgericht: Esslingen HRB 3963<br \/>Rechtsform der Gesellschaft: AG<br \/>Sitz der Gesellschaft: D-70736 Fellbach<\/p>\n<p><\/p>\n<p><\/p>\n<h3>Hinweise<\/h3>\n<p><\/p>\n<p><\/p>\n<p>Alle Angaben auf den Internet-Seiten der axsysNET AG haben wir sorgf\u00e4ltig gepr\u00fcft. Trotz aller Sorgfalt kann eine Haftung oder Garantie f\u00fcr die Richtigkeit, Vollst\u00e4ndigkeit und Aktualit\u00e4t der Daten nicht \u00fcbernommen werden. Dies gilt auch f\u00fcr alle anderen Websites, auf die mit Hyperlinks verwiesen wird. Die axsysNET AG ist f\u00fcr den Inhalt der Websites, die aufgrund einer solchen Verbindung erreicht werden, nicht verantwortlich. Wir behalten uns das Recht vor, Aktualisierungen, \u00c4nderungen oder Erg\u00e4nzungen an den bereitgestellten Informationen und Daten vorzunehmen.<\/p>\n<p><\/p>\n<p><\/p>\n<h3>Copyright<\/h3>\n<p><\/p>\n<p><\/p>\n<p>Die Inhalte dieser Website unterliegen der Verantwortung der axsysNET AG. Alle Rechte vorbehalten. Jegliche Vervielf\u00e4ltigung oder Weiterverbreitung in jedem Medium als Ganzes oder in Teilen bedarf der schriftlichen Zustimmung der\u00a0 axsysNET AG.<\/p>\n<p><\/p>[\/et_pb_text][\/et_pb_column][\/et_pb_row][\/et_pb_section]","protected":false},"excerpt":{"rendered":"<p>[et_pb_section fb_built=&#8220;1&#8243; admin_label=&#8220;section&#8220; _builder_version=&#8220;3.22&#8243;][et_pb_row admin_label=&#8220;row&#8220; _builder_version=&#8220;3.25&#8243; background_size=&#8220;initial&#8220; background_position=&#8220;top_left&#8220; background_repeat=&#8220;repeat&#8220;][et_pb_column type=&#8220;4_4&#8243; _builder_version=&#8220;3.25&#8243; custom_padding=&#8220;|||&#8220; custom_padding__hover=&#8220;|||&#8220;][et_pb_text admin_label=&#8220;Text&#8220; _builder_version=&#8220;3.27.4&#8243; background_size=&#8220;initial&#8220; background_position=&#8220;top_left&#8220; background_repeat=&#8220;repeat&#8220;] axsysNET AGRingstra\u00dfe 71D-70736 FellbachTelefon: +49 711 5109748 0Telefax: +49 711 5109748 88199eMail: info@axsysNET.de Vorstand Vorsitzender des Aufsichtsrates: Frank PenkwittVorstand: Christian Fuchs Gerichtstand Amtsgericht: Esslingen HRB 3963Rechtsform der Gesellschaft: AGSitz der Gesellschaft: D-70736 Fellbach Hinweise Alle Angaben auf [&hellip;]<\/p>\n","protected":false},"author":1,"featured_media":0,"parent":0,"menu_order":0,"comment_status":"closed","ping_status":"closed","template":"","meta":{"_et_pb_use_builder":"on","_et_pb_old_content":"<!-- wp:paragraph -->\n<p>axsysNET AG<br>Erich-Herion-Strasse 16<br>D-70736 Fellbach<br>Telefon: +49 711 5109748 0<br>Telefax: +49 711 5109748 88199<br>eMail: <a href=\"mailto:info@axsysNET.de\">info@axsysNET.de<\/a><\/p>\n<!-- \/wp:paragraph -->\n\n<!-- wp:heading {\"level\":3} -->\n<h3>Vorstand<\/h3>\n<!-- \/wp:heading -->\n\n<!-- wp:paragraph -->\n<p>Vorsitzender des Aufsichtsrates: Frank Penkwitt<br>Vorstand: Christian Fuchs<\/p>\n<!-- \/wp:paragraph -->\n\n<!-- wp:heading {\"level\":3} -->\n<h3>Gerichtstand<\/h3>\n<!-- \/wp:heading -->\n\n<!-- wp:paragraph -->\n<p>Amtsgericht: Esslingen HRB 3963<br>Rechtsform der Gesellschaft: AG<br>Sitz der Gesellschaft: D-70736 Fellbach<\/p>\n<!-- \/wp:paragraph -->\n\n<!-- wp:heading {\"level\":3} -->\n<h3>Hinweise<\/h3>\n<!-- \/wp:heading -->\n\n<!-- wp:paragraph -->\n<p>Alle Angaben auf den Internet-Seiten der axsysNET AG haben wir sorgf\u00e4ltig gepr\u00fcft. Trotz aller Sorgfalt kann eine Haftung oder Garantie f\u00fcr die Richtigkeit, Vollst\u00e4ndigkeit und Aktualit\u00e4t der Daten nicht \u00fcbernommen werden. Dies gilt auch f\u00fcr alle anderen Websites, auf die mit Hyperlinks verwiesen wird. Die axsysNET AG ist f\u00fcr den Inhalt der Websites, die aufgrund einer solchen Verbindung erreicht werden, nicht verantwortlich. Wir behalten uns das Recht vor, Aktualisierungen, \u00c4nderungen oder Erg\u00e4nzungen an den bereitgestellten Informationen und Daten vorzunehmen.<\/p>\n<!-- \/wp:paragraph -->\n\n<!-- wp:heading {\"level\":3} -->\n<h3>Copyright<\/h3>\n<!-- \/wp:heading -->\n\n<!-- wp:paragraph -->\n<p>Die Inhalte dieser Website unterliegen der Verantwortung der axsysNET AG. Alle Rechte vorbehalten. Jegliche Vervielf\u00e4ltigung oder Weiterverbreitung in jedem Medium als Ganzes oder in Teilen bedarf der schriftlichen Zustimmung der&nbsp; axsysNET AG.<\/p>\n<!-- \/wp:paragraph -->"},"_links":{"self":[{"href":"https:\/\/axsysnet.de\/Home\/wp-json\/wp\/v2\/pages\/28"}],"collection":[{"href":"https:\/\/axsysnet.de\/Home\/wp-json\/wp\/v2\/pages"}],"about":[{"href":"https:\/\/axsysnet.de\/Home\/wp-json\/wp\/v2\/types\/page"}],"author":[{"embeddable":true,"href":"https:\/\/axsysnet.de\/Home\/wp-json\/wp\/v2\/users\/1"}],"replies":[{"embeddable":true,"href":"https:\/\/axsysnet.de\/Home\/wp-json\/wp\/v2\/comments?post=28"}],"version-history":[{"count":7,"href":"https:\/\/axsysnet.de\/Home\/wp-json\/wp\/v2\/pages\/28\/revisions"}],"predecessor-version":[{"id":211,"href":"https:\/\/axsysnet.de\/Home\/wp-json\/wp\/v2\/pages\/28\/revisions\/211"}],"wp:attachment":[{"href":"https:\/\/axsysnet.de\/Home\/wp-json\/wp\/v2\/media?parent=28"}],"curies":[{"name":"wp","href":"https:\/\/api.w.org\/{rel}","templated":true}]}}